
What is 12 + -12 + 10 + -6?
4
What is 3 + (-2 - ((-3 - -2) + -6))?
8
Evaluate (2 - 0) + 0 + -4.
-2
What is 0 - (-3 - (0 + 1))?
4
Calculate -5 + 3 + (0 - 2).
-4
Evaluate 56 - 57 - (0 - 6).
5
-5 - -5 - (-2 - (-2 + -2))
-2
Evaluate -5 - (-2 + 1 - -1 - 1).
-4
(-10 - -9) + 5 - 9
-5
What is the value of -8 + (12 - -1) + -8?
-3
Calculate 0 + 0 - (-13 + 9 + 4).
0
Calculate (4 - (3 - 3)) + -6.
-2
What is 7 - ((0 - 1) + (4 - 1))?
5
What is the value of 2 + (-1 - 2) + (-23 - -22)?
-2
2 + -5 - (1 + 0) - 0
-4
What is -1 + -3 + 0 + -3?
-7
Evaluate 4 - (-2 + 4 + 7) - -3.
-2
What is the value of -2 - 2 - (-7 + 4) - -5?
4
What is (-5 - (-14 + 9)) + -9?
-9
Calculate 0 + (2 - (3 + 0)).
-1
0 + (6 - (-5 - -5))
6
Evaluate -1 + 3 + 2 - (1 - 0).
3
Evaluate (6 - (7 + -3)) + -4.
-2
Calculate -2 + 1 - (6 - 10).
3
Evaluate 18 + -2 + -5 - 8.
3
Evaluate 28 + -33 - (-2 + 0).
-3
What is (-2 - (1 + 6)) + (6 - 2)?
-5
4 - (1 + 5) - (7 - 4)
-5
Evaluate 1 + -2 - (10 + (-11 - -2)).
-2
What is (5 - (-2 - -4)) + 0 + -8?
-5
Calculate -1 - ((5 - 3) + -4).
1
What is the value of 3 - 0 - (0 + -2 + 2)?
3
What is the value of 31 + -37 - (1 + 1 + -1)?
-7
-5 + -2 + 4 + 0
-3
Evaluate 5 + -2 + -8 + 3 + 0.
-2
-10 + -1 - -9 - 1
-3
What is (6 - (-1 + 11 + 1)) + 9?
4
Evaluate (-1 - 2 - (-11 + 5)) + -4.
-1
Calculate -4 - (-4 - (7 - 6)).
1
What is the value of -10 - -1 - (3 + -10)?
-2
Calculate 63 + -69 + (2 - -1).
-3
-1 + 0 - (-7 - (4 - 9))
1
What is 4 - (1 - (3 + 0 + -3))?
3
What is 1 + -3 - -3 - (0 + -3)?
4
What is the value of 0 + (0 - (1 - (0 - -4)))?
3
Evaluate 0 - (0 + -6) - 11.
-5
Evaluate 5 - ((-2 - 1) + (6 - 0)).
2
Calculate (-5 + -1 - -3 - -3) + -6.
-6
Calculate -4 + (5 + -1 - (-2 + 8)).
-6
Evaluate -2 + (-1 - -4) - -4.
5
Calculate (3 - -4) + 1 + -17 + 0.
-9
Calculate 1 + 4 + -5 + -6 + 3.
-3
Calculate 1 + (-3 - 6) + 3 - -14.
9
-3 + 5 + (7 - (7 - 4))
6
-2 + (-6 - -15) - 7
0
Calculate -6 - (-8 + 0 + 8 + 3).
-9
Calculate 5 - (3 - ((-2 - -1) + 5)).
6
-5 + 2 + (-2 - -2) - 1
-4
Evaluate (0 - (-5 + 2)) + (120 - 130).
-7
What is the value of 2 - (-4 - -11 - 7)?
2
Calculate 0 + -2 - (0 + -1 - 4).
3
7 - 8 - -5 - (2 + 0)
2
Calculate -1 + -1 + -3 + 5.
0
What is 2 + (5 + (-4 - -2) - 0)?
5
Calculate (-13 + 4 - -6) + (0 - 2).
-5
What is the value of (-9 - 0 - -2) + -6 + 10?
-3
What is the value of -2 - (5 + 0 + -6)?
-1
What is the value of 3 + -4 - (-5 + 1)?
3
Evaluate 5 + 0 + -6 + 4.
3
What is the value of 1 + -2 - -2 - (6 - 0)?
-5
Calculate -1 + (10 - 2) + -12.
-5
What is -4 + 2 + (-2 - -4)?
0
What is -3 + 2 - 3 - 0?
-4
(-21 - -18) + (1 - -3)
1
What is the value of 1 + (-2 + -2 - (7 + -13))?
3
What is -51 - -51 - (3 - 2)?
-1
Evaluate (1 - 16) + -39 + 44.
-10
-5 + (11 - (-4 + 6))
4
What is -9 - (5 + -17 - -3)?
0
What is the value of (-21 - -24) + -4 + -1?
-2
What is 8 + -11 + -11 + 20?
6
Calculate 0 + 2 - (-5 + 7 + -5).
5
What is 24 + -27 - (0 - (0 + 4))?
1
(2 - -5) + -5 + -2
0
Evaluate -2 + (-2 + 11 - 8).
-1
What is (4 - 0) + -1 + -5 + -1?
-3
Evaluate (-1 - 11) + 18 + -1.
5
Evaluate (0 - 0) + 2 + -5.
-3
What is -10 + 4 - 3 - -4?
-5
What is the value of 11 - (-10 - -41) - -12?
-8
Evaluate (-1 + (4 - 2) - 4) + 3.
0
0 + -7 + 6 + -6
-7
What is the value of -5 + -1 - (-26 + (9 - -12))?
-1
-9 - (-6 - -3 - -2)
-8
0 - (3 + (0 - (2 + -2)))
-3
What is the value of -16 + 6 + 5 - -5?
0
Evaluate 2 - 2 - (3 - -4).
-7
What is -10 - -4 - (0 + 0)?
-6
Calculate (0 + 2 - (-4 - -2)) + -5.
-1
What is (6 - 16) + 6 + 3?
-1
Evaluate -4 - (3 - (9 + -2)).
0
What is -3 + 4 + -1 + -2 + 3?
1
What is (1 - -4 - (-1 - -4)) + 1?
3
What is the value of (0 - (13 + -9)) + -2 + 1?
-5
Calculate -4 - (-5 + (-12 - -9)).
4
Evaluate 2 - 4 - -1 - (1 - 1).
-1
What is the value of -2 - (-1 - -2 - 4)?
1
What is the value of -4 - (2 + 0 - 1)?
-5
Evaluate 2 + -15 + -5 + 7.
-11
-2 + -2 + 3 + (2 - 0)
1
Evaluate (3 - (3 + -2)) + (3 - 1).
4
Calculate -17 + -9 + 12 - -6.
-8
Evaluate (-13 - -9 - (-1 + -2)) + -2.
-3
Calculate (-3 - (-6 - 3 - -1)) + -8.
-3
Evaluate -4 + (5 - 6) - -6.
1
What is the value of 4 - (4 - 4) - 3?
1
What is the value of 3 + 7 + -2 + -2?
6
What is the value of (-4 - (-1 - 3)) + 1?
1
Evaluate -9 + (6 - 0) + -2.
-5
What is -5 + 7 + 4 + -9?
-3
What is -4 - (-17 - -28 - (0 - -6))?
-9
(-4 - -3) + -5 + 6
0
What is the value of 9 - (0 + 4 - (-58 + 58))?
5
7 + (-17 - (-17 + 5))
2
Calculate -2 + 9 + -10 + (9 - 0).
6
Calculate 12 - 5 - 13 - (-5 + 0).
-1
What is the value of -3 - (2 - 1) - (-8 + 7)?
-3
What is -4 + 5 + -12 - -15?
4
What is (-5 + 0 - 2) + (12 - 10)?
-5
Evaluate -4 + (3 - (0 + -1)) + -2.
-2
Calculate -17 - (2 + -15 - -2).
-6
What is 6 + -1 + -9 - -4?
0
Calculate 14 + -11 + 3 + -2.
4
What is -14 + 8 - (-1 + 0)?
-5
What is (1 + 3 - (-33 - -40)) + -1?
-4
Calculate 3 - (2 - (4 - 5)).
0
What is the value of (6 - 8 - -6 - 0) + -2?
2
Calculate (-5 - (-1 + 1)) + 37 + -34.
-2
What is the value of (-2 - -5) + -8 + 6?
1
Calculate 16 + -1 - 16 - (0 - -2).
-3
What is 6 - (19 + -8 - 2)?
-3
What is the value of (3 - -1) + 4 + -8 - -5?
5
-16 + -1 + 5 + 7
-5
Calculate (13 - 8) + (-6 - -2).
1
Calculate -26 + 30 + -2 + 3.
5
What is the value of 12 + -7 + 2 + -3?
4
What is 3 + -6 + (-3 + 8 - -5)?
7
-5 + (5 - (-2 + 4))
-2
Calculate 5 + 1 + -4 + -12 + 7.
-3
What is (0 - (0 + 1)) + (6 - 3)?
2
(-3 - -5) + 0 + (1 - -1)
4
Evaluate 0 + (17 - 8) + -11.
-2
What is the value of -4 - ((1 - 3) + 3 + 1)?
-6
What is the value of (0 - 3) + (-3 - -3) + 3?
0
Calculate 18 - (-10 - (-6 + -13)).
9
Calculate (-3 - (-1 + -5)) + -5 + 2.
0
Evaluate -4 + (-1 - -7) + 3 + -12.
-7
Calculate -4 + (-4 - (1 + -9)).
0
Calculate (-7 - 4) + 2 + -2 + 6.
-5
7 - (-8 + 17 + -7)
5
What is -7 + 1 + (-4 - -6)?
-4
What is the value of -4 + 0 + 3 + -1 + -3?
-5
Evaluate 3 + 4 + (-3 - 2 - -7).
9
4 + (7 - 0) - 6
5
What is the value of 15 + -10 + 5 + -18?
-8
What is -1 - (11 - (7 + 1))?
-4
What is -5 - (5 - 3) - (13 + -27)?
7
Evaluate 4 - (-7 + 4) - (1 + 5).
1
What is 2 + -6 - (6 - 3 - 5)?
-2
Calculate -3 + -1 + 3 + (7 - 4).
2
Calculate -5 - -1 - (11 - (-5 + 10)).
-10
Calculate (0 - 2) + 0 + (2 - 1).
-1
What is the value of 8 - (-3 + 0 + 8)?
3
(1 + 7 - (11 + -5)) + -4
-2
Evaluate (-16 - -10) + 7 - (9 + 0).
-8
What is the value of 4 + 1 + -3 - 1?
1
What is the value of 7 - (2 + -1 + 2)?
4
Evaluate 5 + (2 + 8 - (7 + 1)).
7
Calculate -13 - -13 - (0 + 4).
-4
What is 2 - (2 + (1 - (2 + -4)))?
-3
Evaluate -1 + (1 + 7 + -4 - 2).
1
What is the value of (-5 - (-5 + 3)) + 3?
0
-3 - (-4 - -2) - (1 + 3)
-5
What is 3 - (20 - (3 - -2) - 6)?
-6
(58 - 56) + (0 - 8) + -4
-10
1 + (6 + -8 + -3 - -8)
4
Calculate 2 + 0 - (-68 + 69).
1
What is (-1 - -5 - 3) + (0 - 4)?
-3
What is the value of (-1 - (-1 + 3)) + 10 - 3?
4
What is the value of -7 - (-4 + -2 + (3 - -1))?
-5
Calculate 15 - 19 - (-5 + 0 + 2).
-1
1 + 0 + (-2 - -1) + -2
-2
Calculate 0 + (-2 - (-1 + -4 + -1)).
4
Calculate -15 - -8 - (1 + -6) - -4.
2
What is the value of 6 + -4 - (-1 - (-7 - -1))?
-3
Calculate 1 + -3 + (-2 - -8).
4
-4 + (8 - -3) + -3
4
What is the value of -4 - 1 - (-4 - -1)?
-2
What is 1 + -1 + 1 + 3 + -3?
1
-2 - (7 + (5 - 9))
-5
What is the value of (-2 - -5) + 4 - (3 + -3)?
7
What is the value of -3 + 1 + (15 - 17)?
-4
What is the value of 1 - (-1 - -3) - (5 - 4)?
-2
-60 + 65 - (-1 - -5)
1
Evaluate 4 + -11 + 19 + -8.
4
What is the value of 3 + 35 + -23 + (0 - 8)?
7
What is the value of (7 - 2) + (5 - -4 - 8)?
6
Evaluate 5 + -3 + (0 - (-2 - -4)).
0
What is the value of (-2 - -4) + -4 - (-5 + 0)?
3
12 - (-6 + 19 + -6)
5
Calculate 4 + (6 - 10) - (-2 - 3).
5
Evaluate -3 - (-4 + (-1 - 1)) - 7.
-4
Calculate ((-6 - -1) + 4 - -4) + 6.
9
What is the value of 0 - ((-12 - 11) + 14)?
9
-70 - -73 - (1 + -1 + 1)
2
-4 - -15 - 6 - 9
-4
What is 13 + (12 + 2 - 36)?
-9
What is (8 + -4 - 10) + 2 - -1?
-3
Calculate (0 - 4) + (9 - 1).
4
Calculate (-4 - (-3 + 1)) + -3 - -5.
0
Calculate -4 + 5 - -2 - 0.
3
Evaluate 5 - ((-4 - (-6 - -1)) + 1).
3
10 + -14 + 7 + -1 + -2
0
What is the value of 1 + 3 + -13 + (6 - 4)?
-7
What is the value of 4 - 6 - 0 - -2?
0
-2 - -1 - (3 + -2)
-2
What is 7 + -14 - -14 - 0?
7
Calculate -2 - (3 - (19 - 7)).
7
Evaluate -7 - (3 - (-9 - -14)).
-5
Calculate 4 + (0 - -3) + -36 + 30.
1
What is the value of 8 - (-1 + 1 + 2)?
6
Calculate -1 + 2 + (1 - 1) - 2.
-1
Evaluate -1 - -1 - (-5 + 3).
2
Calculate (4 - 7) + (11 - 3).
5
What is the va